{"id":16,"date":"2025-02-05T16:46:46","date_gmt":"2025-02-05T19:46:46","guid":{"rendered":"https:\/\/infectologiabuenosaires.com\/?page_id=16"},"modified":"2025-03-27T15:29:38","modified_gmt":"2025-03-27T18:29:38","slug":"contact-page","status":"publish","type":"page","link":"https:\/\/infectologiabuenosaires.com\/?page_id=16","title":{"rendered":"Contacto"},"content":{"rendered":"\n<div class=\"wp-block-group alignfull has-raft-bg-alt-background-color has-background is-layout-constrained wp-container-core-group-is-layout-ca21e7af wp-block-group-is-layout-constrained\" style=\"margin-top:0;margin-bottom:0;padding-top:var(--wp--preset--spacing--80);padding-right:var(--wp--preset--spacing--40);padding-bottom:var(--wp--preset--spacing--80);padding-left:var(--wp--preset--spacing--40)\">\n<h1 class=\"wp-block-heading alignwide has-text-align-center\">Contactame<\/h1>\n<\/div>\n\n\n\n<div class=\"wp-block-group alignfull has-raft-fg-alt-color has-raft-bg-inv-background-color has-text-color has-background is-layout-constrained wp-container-core-group-is-layout-c2b63da3 wp-block-group-is-layout-constrained\" style=\"margin-top:0px;margin-bottom:0px;padding-top:var(--wp--preset--spacing--80);padding-right:var(--wp--preset--spacing--40);padding-bottom:var(--wp--preset--spacing--80);padding-left:var(--wp--preset--spacing--40)\">\n<div class=\"wp-block-group alignwide is-layout-flow wp-block-group-is-layout-flow\">\n<div class=\"wp-block-columns is-layout-flex wp-container-core-columns-is-layout-28f84493 wp-block-columns-is-layout-flex\">\n<div class=\"wp-block-column is-layout-flow wp-block-column-is-layout-flow\" style=\"flex-basis:30%\">\n<h2 class=\"wp-block-heading\">Ubicaci\u00f3n del Consultorio<\/h2>\n\n\n\n<p>Solamente se atiende con cita previa. En Villa del Parque<br>Av. Francisco Beir\u00f3 3360 10 G, Comuna 11 Cdad. Aut\u00f3noma de Buenos Aires, Argentina.<br><br>+54 9 11 2401-5038<br><br><a href=\"https:\/\/www.topdoctors.com.ar\/doctor\/sergio-martini-novas\/\" data-type=\"link\" data-id=\"https:\/\/www.topdoctors.com.ar\/doctor\/sergio-martini-novas\/\">pedir tu<\/a><\/p>\n<\/div>\n\n\n\n<div class=\"wp-block-column is-layout-flow wp-block-column-is-layout-flow\" style=\"flex-basis:70%\">\n<figure class=\"wp-block-image size-full\"><img loading=\"lazy\" decoding=\"async\" width=\"808\" height=\"516\" src=\"https:\/\/infectologiabuenosaires.com\/wp-content\/uploads\/2025\/02\/mapa-infectologia-buenos-ai.jpg\" alt=\"\" class=\"wp-image-89\" srcset=\"https:\/\/infectologiabuenosaires.com\/wp-content\/uploads\/2025\/02\/mapa-infectologia-buenos-ai.jpg 808w, https:\/\/infectologiabuenosaires.com\/wp-content\/uploads\/2025\/02\/mapa-infectologia-buenos-ai-300x192.jpg 300w, https:\/\/infectologiabuenosaires.com\/wp-content\/uploads\/2025\/02\/mapa-infectologia-buenos-ai-768x490.jpg 768w\" sizes=\"auto, (max-width: 808px) 100vw, 808px\" \/><\/figure>\n<\/div>\n<\/div>\n<\/div>\n<\/div>\n\n\n\n<div class=\"wp-block-group alignfull has-raft-fg-alt-color has-raft-accent-background-color has-text-color has-background is-layout-constrained wp-container-core-group-is-layout-87ba1f51 wp-block-group-is-layout-constrained\" style=\"margin-top:0px;margin-bottom:0px;padding-top:var(--wp--preset--spacing--80);padding-right:var(--wp--preset--spacing--40);padding-bottom:var(--wp--preset--spacing--80);padding-left:var(--wp--preset--spacing--40)\">\n<h2 class=\"wp-block-heading has-text-align-center has-raft-fg-alt-color has-text-color\">Atenci\u00f3n personalizada para tu tratamiento<\/h2>\n\n\n\n<div class=\"wp-block-buttons is-content-justification-center is-layout-flex wp-container-core-buttons-is-layout-a89b3969 wp-block-buttons-is-layout-flex\">\n<div class=\"wp-block-button is-style-outline is-style-outline--1\"><a class=\"wp-block-button__link has-raft-fg-alt-color has-text-color wp-element-button\" href=\"https:\/\/www.topdoctors.com.ar\/doctor\/sergio-martini-novas\/\">Reserv\u00e1 tu cita<\/a><\/div>\n<\/div>\n<\/div>\n","protected":false},"excerpt":{"rendered":"<p>Contactame Ubicaci\u00f3n del Consultorio Solamente se atiende con cita previa. En Villa del ParqueAv. Francisco Beir\u00f3 3360 10 G, Comuna 11 Cdad. Aut\u00f3noma de Buenos Aires, Argentina. +54 9 11 2401-5038 pedir tu Atenci\u00f3n personalizada para tu tratamiento<\/p>\n","protected":false},"author":1,"featured_media":0,"parent":0,"menu_order":0,"comment_status":"closed","ping_status":"closed","template":"template-plain","meta":{"_themeisle_gutenberg_block_has_review":false,"footnotes":""},"class_list":["post-16","page","type-page","status-publish","hentry"],"_links":{"self":[{"href":"https:\/\/infectologiabuenosaires.com\/index.php?rest_route=\/wp\/v2\/pages\/16","targetHints":{"allow":["GET"]}}],"collection":[{"href":"https:\/\/infectologiabuenosaires.com\/index.php?rest_route=\/wp\/v2\/pages"}],"about":[{"href":"https:\/\/infectologiabuenosaires.com\/index.php?rest_route=\/wp\/v2\/types\/page"}],"author":[{"embeddable":true,"href":"https:\/\/infectologiabuenosaires.com\/index.php?rest_route=\/wp\/v2\/users\/1"}],"replies":[{"embeddable":true,"href":"https:\/\/infectologiabuenosaires.com\/index.php?rest_route=%2Fwp%2Fv2%2Fcomments&post=16"}],"version-history":[{"count":5,"href":"https:\/\/infectologiabuenosaires.com\/index.php?rest_route=\/wp\/v2\/pages\/16\/revisions"}],"predecessor-version":[{"id":107,"href":"https:\/\/infectologiabuenosaires.com\/index.php?rest_route=\/wp\/v2\/pages\/16\/revisions\/107"}],"wp:attachment":[{"href":"https:\/\/infectologiabuenosaires.com\/index.php?rest_route=%2Fwp%2Fv2%2Fmedia&parent=16"}],"curies":[{"name":"wp","href":"https:\/\/api.w.org\/{rel}","templated":true}]}}